-17
1000 (base 2) to base 6
12
What is -120 (base 4) in base 7?
-33
Convert -13a (base 12) to base 16.
-be
What is -36 (base 14) in base 10?
-48
What is -326 (base 7) in base 2?
-10100111
What is -43 (base 5) in base 14?
-19
Convert 34 (base 9) to base 3.
1011
230 (base 12) to base 10
324
-280 (base 10) to base 15
-13a
What is 3 (base 5) in base 11?
3
2 (base 4) to base 5
2
68 (base 9) to base 6
142
What is 3 (base 13) in base 3?
10
What is -209 (base 11) in base 3?
-100022
What is -4e (base 16) in base 12?
-66
What is 2120 (base 3) in base 9?
76
-33 (base 11) to base 15
-26
What is 2424 (base 5) in base 14?
1c0
121 (base 5) to base 10
36
Convert 34 (base 11) to base 13.
2b
16 (base 12) to base 10
18
Convert 13 (base 4) to base 9.
7
What is -33 (base 4) in base 13?
-12
What is 2 (base 4) in base 11?
2
What is 1 (base 14) in base 12?
1
What is -8 (base 10) in base 9?
-8
What is -b (base 14) in base 12?
-b
What is -21 (base 10) in base 7?
-30
2 (base 14) to base 15
2
What is -3 (base 10) in base 15?
-3
What is 5 (base 6) in base 3?
12
What is 50 (base 13) in base 11?
5a
What is 1021 (base 3) in base 11?
31
5 (base 12) to base 11
5
1 (base 12) to base 10
1
What is -10 (base 6) in base 15?
-6
Convert 100000 (base 2) to base 8.
40
Convert a9 (base 11) to base 8.
167
Convert -5 (base 12) to base 16.
-5
What is -1 (base 8) in base 4?
-1
Convert -4 (base 15) to base 2.
-100
Convert 29 (base 10) to base 13.
23
-200 (base 6) to base 10
-72
Convert 20 (base 3) to base 12.
6
Convert -15 (base 12) to base 6.
-25
116 (base 12) to base 10
162
10 (base 2) to base 15
2
Convert -1 (base 7) to base 4.
-1
-42 (base 7) to base 16
-1e
2 (base 8) to base 15
2
What is -3 (base 4) in base 14?
-3
Convert 10 (base 11) to base 16.
b
Convert -43 (base 12) to base 5.
-201
13 (base 4) to base 11
7
Convert -c (base 16) to base 6.
-20
Convert -203 (base 5) to base 16.
-35
8 (base 16) to base 4
20
3 (base 15) to base 11
3
222 (base 5) to base 6
142
What is -100101 (base 2) in base 8?
-45
5 (base 6) to base 15
5
What is -2 (base 14) in base 8?
-2
-2 (base 16) to base 11
-2
-1112 (base 4) to base 12
-72
32 (base 13) to base 10
41
What is -100 (base 12) in base 14?
-a4
What is 110010 (base 2) in base 9?
55
Convert -1 (base 6) to base 5.
-1
-45 (base 8) to base 10
-37
Convert 1 (base 16) to base 12.
1
What is 1010111 (base 2) in base 4?
1113
What is 2 (base 5) in base 2?
10
Convert -1 (base 3) to base 13.
-1
Convert 110001 (base 2) to base 7.
100
1 (base 12) to base 16
1
Convert 13 (base 5) to base 6.
12
What is -120 (base 3) in base 2?
-1111
-11 (base 14) to base 4
-33
What is 12 (base 8) in base 15?
a
4 (base 10) to base 9
4
Convert 4 (base 6) to base 10.
4
Convert 1 (base 16) to base 15.
1
-30 (base 10) to base 13
-24
What is -13d (base 14) in base 4?
-3323
Convert 2 (base 11) to base 4.
2
What is 2 (base 12) in base 9?
2
-12 (base 4) to base 11
-6
-10011010 (base 2) to base 6
-414
Convert -60 (base 14) to base 2.
-1010100
1 (base 12) to base 4
1
Convert 3 (base 11) to base 8.
3
30 (base 7) to base 10
21
What is d (base 14) in base 9?
14
1 (base 11) to base 4
1
What is -17 (base 9) in base 14?
-12
Convert -1 (base 12) to base 7.
-1
What is 3 (base 10) in base 6?
3
Convert -1012 (base 3) to base 7.
-44
Convert 3 (base 9) to base 4.
3
3 (base 11) to base 6
3
What is -35 (base 7) in base 4?
-122
Convert -4 (base 10) to base 14.
-4
What is -40 (base 6) in base 10?
-24
-74 (base 9) to base 4
-1003
Convert -12 (base 13) to base 10.
-15
What is 0 (base 7) in base 11?
0
What is 4 (base 11) in base 15?
4
-97 (base 15) to base 13
-ac
Convert -6 (base 7) to base 11.
-6
-100 (base 2) to base 4
-10
What is -15 (base 10) in base 7?
-21
Convert -50 (base 10) to base 6.
-122
Convert 24 (base 7) to base 16.
12
d1 (base 14) to base 15
c3
1 (base 16) to base 5
1
Convert -15 (base 13) to base 4.
-102
What is 2 (base 3) in base 16?
2
Convert -10 (base 4) to base 10.
-4
What is -2 (base 11) in base 10?
-2
What is -4 (base 15) in base 13?
-4
32 (base 9) to base 6
45
What is -15 (base 7) in base 16?
-c
Convert 11 (base 6) to base 4.
13
What is 14 (base 13) in base 14?
13
2 (base 15) to base 11
2
What is -101 (base 2) in base 8?
-5
-2 (base 5) to base 9
-2
What is 25 (base 7) in base 15?
14
0 (base 13) to base 3
0
Convert -51 (base 6) to base 15.
-21
Convert 17 (base 8) to base 7.
21
1 (base 7) to base 11
1
Convert -20 (base 11) to base 12.
-1a
Convert 4 (base 12) to base 14.
4
-42 (base 5) to base 11
-20
-14 (base 8) to base 3
-110
Convert 2 (base 15) to base 10.
2
What is -35 (base 11) in base 14?
-2a
Convert 35 (base 7) to base 4.
122
What is -133 (base 6) in base 15?
-3c
-1a5 (base 13) to base 7
-613
What is -4 (base 7) in base 6?
-4
-4 (base 16) to base 12
-4
Convert -1001 (base 2) to base 15.
-9
What is -3 (base 7) in base 2?
-11
Convert 110 (base 10) to base 8.
156
What is 110222 (base 3) in base 10?
350
Convert 36 (base 14) to base 3.
1210
0 (base 7) to base 10
0
What is 146 (base 16) in base 14?
194
10 (base 9) to base 8
11
-11 (base 6) to base 3
-21
Convert 2 (base 10) to base 4.
2
111 (base 4) to base 5
41
-101 (base 3) to base 4
-22
0 (base 2) to base 14
0
Convert 2 (base 12) to base 15.
2
Convert 425 (base 6) to base 13.
c5
What is 11 (base 3) in base 16?
4
11 (base 5) to base 16
6
-1121 (base 3) to base 2
-101011
What is -22 (base 10) in base 14?
-18
Convert 2 (base 6) to base 9.
2
Convert 2a (base 16) to base 2.
101010
-3 (base 8) to base 2
-11
2 (base 10) to base 14
2
Convert -2 (base 7) to base 2.
-10
Convert 0 (base 13) to base 11.
0
Convert 222 (base 3) to base 7.
35
What is -c (base 15) in base 8?
-14
What is 4 (base 16) in base 13?
4
Convert -213 (base 5) to base 12.
-4a
Convert 101 (base 2) to base 3.
12
Convert 113 (base 7) to base 9.
65
What is 19 (base 15) in base 2?
11000
What is 6 (base 14) in base 6?
10
What is -17 (base 12) in base 2?
-10011
What is 15 (base 9) in base 16?
e
What is -3 (base 11) in base 14?
-3
What is 3 (base 10) in base 14?
3
What is 1130 (base 4) in base 11?
84
110100 (base 2) to base 4
310
12 (base 4) to base 14
6
Convert 7 (base 15) to base 10.
7
What is -28 (base 15) in base 8?
-46
What is -24 (base 15) in base 11?
-31
Convert -1a (base 16) to base 12.
-22
Convert -1 (base 4) to base 2.
-1
0 (base 15) to base 11
0
-2 (base 10) to base 2
-10
-1 (base 3) to base 4
-1
Convert -b (base 16) to base 2.
-1011
19 (base 15) to base 12
20
What is 0 (base 2) in base 10?
0
Convert -100 (base 9) to base 6.
-213
Convert -3 (base 5) to base 10.
-3
Convert 12 (base 14) to base 15.
11
a0 (base 12) to base 10
120
What is -29 (base 12) in base 13?
-27
9 (base 14) to base 16
9
Convert 20 (base 5) to base 16.
a
-2a (base 15) to base 11
-37
Convert -2 (base 6) to base 8.
-2
-142 (base 8) to base 14
-70
Convert d (base 15) to base 10.
13
-1020 (base 3) to base 12
-29
-421 (base 9) to base 16
-157
What is -1 (base 13) in base 14?
-1
3221 (base 4) to base 8
351
What is 27 (base 10) in base 7?
36
-5 (base 9) to base 12
-5
What is -322 (base 5) in base 4?
-1113
Convert 13 (base 4) to base 7.
10
What is 4 (base 13) in base 6?
4
Convert -3c (base 14) to base 9.
-60
Convert -5 (base 6) to base 12.
-5
Convert -9c (base 15) to base 7.
-300
-1001 (base 4) to base 6
-145
-1 (base 10) to base 14
-1
-1 (base 3) to base 4
-1
36 (base 11) to base 4
213
Convert 4 (base 15) to base 9.
4
What is -1 (base 16) in base 9?
-1
68 (base 13) to base 6
222
-1110 (base 2) to base 12
-12
2 (base 14) to base 15
2
What is 10 (base 2) in base 11?
2
What is -118 (base 9) in base 12?
-82
What is -20 (base 3) in base 2?
-110
Convert 7 (base 11) to base 16.
7
Convert -2a (base 14) to base 11.
-35
-3 (base 8) to base 10
-3
Convert -5 (base 12) to base 16.
-5
32 (base 13) to base 3
1112
What is 1 (base 3) in base 5?
1
-21 (base 9) to base 14
-15
-33 (base 12) to base 13
-30
Convert -22 (base 5) to base 11.
-11
What is -1b (base 16) in base 13?
-21
-21 (base 9) to base 14
-15
52 (base 12) to base 10
62
Convert 10101 (base 3) to base 9.
111
What is 16 (base 13) in base 2?
10011
What is -134 (base 14) in base 9?
-288
-1 (base 5) to base 4
-1
Convert 1 (base 14) to base 2.
1
Convert 0 (base 6) to base 11.
0
-14 (base 8) to base 6
-20
Convert -10010 (base 2) to base 7.
-24
352 (base 7) to base 9
224
Convert 12 